ulate the highest common factor of 305 and 40.
5
What is the highest common factor of 393210 and 6732?
306
What is the highest common factor of 464 and 29290?
58
Calculate the highest common divisor of 8400 and 7935.
15
What is the highest common divisor of 700 and 4356800?
700
Calculate the greatest common factor of 126 and 912618.
126
Calculate the highest common divisor of 147 and 43463.
49
What is the greatest common divisor of 16 and 6973?
1
Calculate the highest common factor of 3145 and 918.
17
What is the highest common factor of 42 and 1114449?
21
What is the greatest common divisor of 476 and 61795?
17
Calculate the greatest common factor of 1955 and 1840.
115
Calculate the greatest common factor of 19150 and 766.
766
What is the greatest common divisor of 1200 and 12575?
25
Calculate the greatest common divisor of 47 and 492090.
47
What is the greatest common factor of 4590800 and 23?
23
Calculate the highest common divisor of 42453 and 225081.
801
What is the greatest common factor of 1724 and 1852?
4
Calculate the greatest common divisor of 47097 and 18.
9
What is the highest common divisor of 1944 and 20?
4
What is the highest common factor of 1801124 and 208?
52
What is the greatest common divisor of 78579 and 531?
9
Calculate the highest common factor of 84 and 391692.
84
Calculate the greatest common factor of 18758 and 85158.
166
What is the greatest common divisor of 1480867 and 179?
179
What is the greatest common divisor of 60 and 40310?
10
What is the greatest common factor of 1530880 and 4096?
1024
Calculate the highest common divisor of 231 and 142023.
21
Calculate the greatest common factor of 69 and 1428.
3
What is the highest common factor of 40280 and 140?
20
What is the highest common factor of 3874865 and 1515?
505
Calculate the highest common factor of 2451675 and 674.
337
What is the greatest common divisor of 18256 and 295519?
1141
Calculate the highest common factor of 69420 and 3640.
260
What is the greatest common divisor of 3597 and 2211?
33
What is the greatest common factor of 28608 and 60?
12
What is the greatest common divisor of 22248 and 1728?
216
What is the highest common divisor of 117 and 4478877?
117
Calculate the greatest common divisor of 10176 and 19610.
106
What is the greatest common factor of 12668 and 60?
4
Calculate the greatest common divisor of 403 and 13741.
13
Calculate the highest common factor of 33 and 28589.
11
Calculate the highest common factor of 50 and 613130.
10
What is the highest common factor of 1692 and 9494?
94
Calculate the highest common factor of 84 and 6636.
84
What is the greatest common divisor of 6277804 and 1334?
1334
Calculate the highest common factor of 124 and 63798.
62
What is the highest common factor of 1113456 and 4?
4
Calculate the highest common divisor of 26 and 282.
2
Calculate the highest common divisor of 23440 and 2840.
40
Calculate the highest common factor of 539 and 25344319.
539
Calculate the highest common divisor of 3200672 and 32.
32
Calculate the highest common divisor of 4843409 and 2139.
713
What is the highest common divisor of 98 and 4746924?
98
Calculate the greatest common divisor of 1888 and 171100.
236
Calculate the highest common factor of 43 and 947333.
43
Calculate the greatest common divisor of 72 and 1900008.
72
What is the highest common factor of 6205 and 1?
1
What is the greatest common divisor of 908 and 3940?
4
What is the highest common divisor of 14 and 130354?
14
Calculate the greatest common divisor of 320 and 92160.
320
What is the greatest common factor of 22 and 302522?
22
Calculate the highest common divisor of 538 and 7795082.
538
Calculate the greatest common factor of 280 and 163730.
70
What is the highest common factor of 528 and 81444?
132
What is the greatest common factor of 5 and 29010?
5
Calculate the greatest common divisor of 155 and 1426.
31
Calculate the highest common factor of 4228 and 441.
7
What is the highest common factor of 345672 and 288?
72
Calculate the highest common factor of 173971 and 58.
29
What is the highest common factor of 60450 and 1200?
150
What is the greatest common divisor of 5317 and 39?
13
Calculate the highest common divisor of 362922 and 112.
14
What is the greatest common factor of 729312 and 4708?
428
Calculate the highest common factor of 4744 and 1816.
8
Calculate the greatest common factor of 24 and 1670304.
24
Calculate the highest common factor of 1896 and 10191.
237
Calculate the greatest common divisor of 1894080 and 1920.
960
Calculate the highest common factor of 14745 and 435.
15
What is the highest common factor of 134 and 63047?
67
Calculate the highest common factor of 981 and 2025.
9
Calculate the highest common factor of 3546 and 128322.
18
Calculate the greatest common factor of 230 and 3086830.
230
What is the greatest common divisor of 6334234 and 17?
17
Calculate the greatest common factor of 160 and 71000.
40
What is the greatest common divisor of 60315 and 177?
3
What is the greatest common factor of 17820 and 416880?
540
Calculate the highest common divisor of 20416 and 40.
8
What is the greatest common divisor of 11155 and 42195?
485
Calculate the greatest common factor of 6825 and 3825.
75
Calculate the highest common factor of 201339 and 81.
27
What is the greatest common factor of 111352 and 186?
62
What is the highest common factor of 132289 and 4997?
263
Calculate the greatest common factor of 190 and 583205.
95
Calculate the highest common factor of 2 and 129847.
1
Calculate the greatest common factor of 70352 and 32.
16
What is the highest common divisor of 8190 and 570?
30
What is the greatest common factor of 45 and 370467?
9
What is the highest common divisor of 75 and 3125?
25
What is the greatest common factor of 632 and 416093?
79
Calculate the highest common factor of 65667 and 5883.
159
What is the highest common divisor of 303 and 1873853?
101
Calculate the highest common divisor of 1808 and 30288.
16
What is the highest common divisor of 189826 and 49?
49
Calculate the greatest common factor of 248 and 57753.
31
What is the highest common divisor of 891156 and 154?
14
What is the greatest common factor of 7667 and 1122?
187
Calculate the greatest common factor of 288 and 125748.
36
What is the greatest common factor of 341 and 16291?
11
What is the greatest common factor of 7625 and 6283?
61
Calculate the highest common factor of 868 and 164388.
28
Calculate the highest common factor of 70367 and 11.
11
What is the highest common factor of 265 and 156191?
53
What is the greatest common divisor of 9968 and 1232?
112
Calculate the highest common divisor of 137 and 81241.
137
What is the highest common factor of 181 and 59?
1
Calculate the highest common divisor of 27900 and 5550.
150
What is the highest common divisor of 495 and 35145?
495
What is the greatest common factor of 604 and 2944198?
302
Calculate the highest common divisor of 4 and 295658.
2
Calculate the greatest common factor of 1010266 and 926.
926
Calculate the greatest common factor of 1285723 and 391.
23
Calculate the highest common divisor of 1945 and 53293.
389
What is the greatest common divisor of 340 and 124644?
68
What is the highest common factor of 4616108 and 1148?
1148
Calculate the greatest common divisor of 1752 and 11184.
24
What is the greatest common factor of 622 and 311933?
311
Calculate the highest common factor of 323 and 31.
1
What is the greatest common factor of 525 and 9236850?
525
Calculate the highest common divisor of 1960615 and 955.
955
Calculate the highest common divisor of 15 and 175855.
5
What is the highest common factor of 12132 and 228?
12
What is the greatest common divisor of 400 and 12140?
20
What is the highest common divisor of 30 and 6378?
6
What is the highest common factor of 3652 and 7636?
332
Calculate the highest common divisor of 4324 and 8096.
92
Calculate the greatest common divisor of 52 and 53612.
52
What is the greatest common divisor of 76280 and 192?
8
Calculate the highest common divisor of 562401 and 26544.
1659
Calculate the greatest common divisor of 2016 and 1148.
28
Calculate the greatest common divisor of 68 and 74086.
34
Calculate the highest common factor of 252625 and 141.
47
Calculate the greatest co